.
2300
Calculate the remainder when 8668261 is divided by 25.
11
Calculate the remainder when 1525918 is divided by 272.
270
What is the remainder when 4975648 is divided by 2487817?
14
Calculate the remainder when 31378128 is divided by 27.
24
Calculate the remainder when 8540282 is divided by 2103.
2102
Calculate the remainder when 5387206 is divided by 2693597.
12
Calculate the remainder when 55197 is divided by 15119.
9840
What is the remainder when 161154 is divided by 7674?
0
Calculate the remainder when 28319304 is divided by 812.
804
What is the remainder when 7732866 is divided by 8174?
262
Calculate the remainder when 39858312 is divided by 54.
48
Calculate the remainder when 77861685 is divided by 56.
13
What is the remainder when 443 is divided by 184?
75
Calculate the remainder when 172519452 is divided by 1184.
1180
What is the remainder when 15822832 is divided by 917?
914
Calculate the remainder when 19102 is divided by 19.
7
What is the remainder when 2621138 is divided by 1623?
1616
What is the remainder when 14484252 is divided by 61?
46
What is the remainder when 6558703 is divided by 688?
687
What is the remainder when 400800 is divided by 277?
258
Calculate the remainder when 1270467 is divided by 635215.
37
Calculate the remainder when 24262518 is divided by 1576.
1574
Calculate the remainder when 1632772 is divided by 519.
517
Calculate the remainder when 373687 is divided by 2.
1
What is the remainder when 176310 is divided by 834?
336
What is the remainder when 43792181 is divided by 519?
518
Calculate the remainder when 211847 is divided by 680.
367
Calculate the remainder when 114474 is divided by 182.
178
Calculate the remainder when 667887 is divided by 144.
15
Calculate the remainder when 9947137 is divided by 3315704.
25
Calculate the remainder when 11803666 is divided by 1029.
7
What is the remainder when 1862314 is divided by 84632?
410
What is the remainder when 3457126 is divided by 78569?
90
Calculate the remainder when 171455 is divided by 718.
571
What is the remainder when 6992986 is divided by 1350?
1336
Calculate the remainder when 1969935 is divided by 3048.
927
Calculate the remainder when 2076779 is divided by 92.
63
Calculate the remainder when 1333347 is divided by 38.
3
Calculate the remainder when 566144688 is divided by 3299.
3298
What is the remainder when 3613755 is divided by 334?
209
What is the remainder when 88469 is divided by 87919?
550
What is the remainder when 49033100 is divided by 29?
16
What is the remainder when 7356900 is divided by 2931?
90
Calculate the remainder when 442310 is divided by 55281.
62
What is the remainder when 468230047 is divided by 17?
16
What is the remainder when 184907 is divided by 7701?
83
Calculate the remainder when 65995 is divided by 1372.
139
What is the remainder when 124468 is divided by 24806?
438
What is the remainder when 2679638 is divided by 973?
969
Calculate the remainder when 1156591 is divided by 1156563.
28
What is the remainder when 4805663 is divided by 904?
903
What is the remainder when 295509 is divided by 17137?
4180
What is the remainder when 21930 is divided by 2405?
285
Calculate the remainder when 13166962 is divided by 914.
792
What is the remainder when 7074201 is divided by 22820?
1
Calculate the remainder when 22804208 is divided by 426.
2
What is the remainder when 4866910 is divided by 4866880?
30
Calculate the remainder when 3667409 is divided by 846.
845
What is the remainder when 649707 is divided by 5?
2
Calculate the remainder when 624173 is divided by 623389.
784
What is the remainder when 66581 is divided by 909?
224
Calculate the remainder when 326831 is divided by 898.
857
Calculate the remainder when 336710 is divided by 31.
19
Calculate the remainder when 525257 is divided by 986.
705
Calculate the remainder when 120697444 is divided by 60348717.
10
Calculate the remainder when 339887 is divided by 618.
605
What is the remainder when 23050 is divided by 22504?
546
Calculate the remainder when 360333 is divided by 360166.
167
Calculate the remainder when 55178747 is divided by 3882.
3881
Calculate the remainder when 124721 is divided by 5641.
619
Calculate the remainder when 13716251 is divided by 36.
35
What is the remainder when 1957050 is divided by 75?
0
Calculate the remainder when 557912 is divided by 191.
1
Calculate the remainder when 138382 is divided by 16611.
5494
Calculate the remainder when 27475085 is divided by 3618.
3611
What is the remainder when 34682242 is divided by 8670553?
30
Calculate the remainder when 809328 is divided by 18821.
25
What is the remainder when 1379345 is divided by 1879?
159
Calculate the remainder when 40256 is divided by 2117.
33
Calculate the remainder when 10966420 is divided by 1683.
1675
What is the remainder when 261614 is divided by 43582?
122
Calculate the remainder when 157822 is divided by 286.
236
Calculate the remainder when 1351939 is divided by 163.
17
What is the remainder when 149203 is divided by 1355?
153
What is the remainder when 5622119 is divided by 5622078?
41
What is the remainder when 24759 is divided by 6184?
23
What is the remainder when 73988 is divided by 1543?
1467
What is the remainder when 823273 is divided by 4404?
4129
What is the remainder when 2443145 is divided by 814171?
632
Calculate the remainder when 422704 is divided by 422634.
70
What is the remainder when 12995592 is divided by 6036?
84
Calculate the remainder when 211079 is divided by 6204.
143
Calculate the remainder when 3615023 is divided by 405.
398
Calculate the remainder when 57226 is divided by 1779.
298
What is the remainder when 212404917 is divided by 1101?
1098
What is the remainder when 1927751 is divided by 963832?
87
What is the remainder when 129437 is divided by 127?
24
What is the remainder when 1839672 is divided by 44870?
2
Calculate the remainder when 22303 is divided by 760.
263
Calculate the remainder when 368193 is divided by 3106.
1685
Calculate the remainder when 2752316 is divided by 141.
137
Calculate the remainder when 415676 is divided by 48.
44
What is the remainder when 376336 is divided by 31297?
772
What is the remainder when 2549431 is divided by 1917?
1738
Calculate the remainder when 6643148 is divided by 79.
38
What is the remainder when 12964970 is divided by 6130?
20
What is the remainder when 9868009 is divided by 3289330?
19
Calculate the remainder when 2052561 is divided by 945.
21
What is the remainder when 1664262 is divided by 2381?
2324
Calculate the remainder when 1664724 is divided by 832329.
66
Calculate the remainder when 25918084 is divided by 38.
32
What is the remainder when 24935 is divided by 8304?
23
What is the remainder when 229818 is divided by 76469?
411
Calculate the remainder when 7342031 is divided by 386417.
108
What is the remainder when 95472 is divided by 15878?
204
What is the remainder when 4261652 is divided by 7?
3
Calculate the remainder when 82943 is divided by 1870.
663
What is the remainder when 16791500 is divided by 1844?
36
Calculate the remainder when 19864920 is divided by 96902.
10
Calculate the remainder when 192437027 is divided by 1051.
1029
What is the remainder when 4001500 is divided by 208?
204
Calculate the remainder when 34274364 is divided by 266.
264
Calculate the remainder when 131688 is divided by 82.
78
What is the remainder when 125450861 is divided by 22?
19
What is the remainder when 10801334 is divided by 17?
10
Calculate the remainder when 495789267 is divided by 38.
37
Calculate the remainder when 45095 is divided by 21787.
1521
What is the remainder when 24025341 is divided by 872?
869
What is the remainder when 2890444 is divided by 5?
4
Calculate the remainder when 43760042 is divided by 457.
7
Calculate the remainder when 11622677 is divided by 215.
207
What is the remainder when 2046486 is divided by 3648?
3606
Calculate the remainder when 8216855 is divided by 126.
17
Calculate the remainder when 141124362 is divided by 23.
19
What is the remainder when 6747646 is divided by 910?
906
Calculate the remainder when 3603431 is divided by 2932.
3
What is the remainder when 29930105 is divided by 9976633?
206
Calculate the remainder when 163170503 is divided by 504.
503
Calc